{"id":254,"date":"2022-12-06T11:05:23","date_gmt":"2022-12-06T10:05:23","guid":{"rendered":"http:\/\/yktwnju.cluster031.hosting.ovh.net\/?page_id=254"},"modified":"2023-03-28T22:47:42","modified_gmt":"2023-03-28T20:47:42","slug":"communication","status":"publish","type":"page","link":"https:\/\/www.apel-chartreux.fr\/index.php\/communication\/","title":{"rendered":"Communication"},"content":{"rendered":"\n<h3 class=\"wp-block-heading\">Commission Accueil<\/h3>\n\n\n\n<p>Cette commission organise la r\u00e9ception et l\u2019accueil des parents. <\/p>\n\n\n\n<p>Elle met en place les temps de convivialit\u00e9 entre parents lors des Journ\u00e9es Portes Ouvertes, des rencontres parents\/professeurs, ou de l\u2019accueil des nouveaux parents. <br><a href=\"https:\/\/www.apel-levallois.org\/les-ja\"><\/a><\/p>\n\n\n\n<p>Elle favorise \u00e9galement les \u00e9changes entre les parents lors de ces manifestations.<\/p>\n\n\n\n<h3 class=\"wp-block-heading\">Commission Conf\u00e9rences<\/h3>\n\n\n\n<p>Cette commission recherche des intervenants pour r\u00e9pondre aux attentes des parents, des \u00e9l\u00e8ves et de l&rsquo;Institution.<\/p>\n\n\n\n<p>Elle g\u00e8re les \u00e9changes avec les conf\u00e9renciers, fixe les dates et pr\u00e9pare la communication et les invitations<\/p>\n\n\n\n<p class=\"has-x-large-font-size\" style=\"font-style:normal;font-weight:500\">Nos Conf\u00e9rences<\/p>\n\n\n\n<div class=\"wp-block-query is-layout-flow wp-block-query-is-layout-flow\">\n<div class=\"wp-block-group is-layout-constrained wp-block-group-is-layout-constrained\"><ul class=\"wp-block-post-template is-layout-flow wp-block-post-template-is-layout-flow\"><li class=\"wp-block-post post-1236 post type-post status-publish format-standard has-post-thumbnail hentry category-conferences tag-communication tag-croix-rousse tag-evenement tag-institution-des-chartreux\">\n\n<div class=\"wp-block-columns is-layout-flex wp-container-core-columns-is-layout-28f84493 wp-block-columns-is-layout-flex\">\n<div class=\"wp-block-column is-layout-flow wp-block-column-is-layout-flow\">\n<div class=\"wp-block-columns is-layout-flex wp-container-core-columns-is-layout-d7d455e7 wp-block-columns-is-layout-flex\" style=\"padding-top:0;padding-right:0;padding-bottom:0;padding-left:0\">\n<div class=\"wp-block-column is-layout-flow wp-block-column-is-layout-flow\" style=\"flex-basis:90%\"><h3 class=\"wp-block-post-title has-large-font-size\">Retour visuel de la conf\u00e9rence de St\u00e9phane BLOCQUAUX<\/h3><\/div>\n<\/div>\n<\/div>\n<\/div>\n\n\n<div class=\"wp-block-post-date has-small-font-size\"><time datetime=\"2024-04-15T21:19:17+02:00\">15 avril 2024<\/time><\/div>\n\n\n<div style=\"height:10px\" aria-hidden=\"true\" class=\"wp-block-spacer\"><\/div>\n\n\n\n<div class=\"wp-block-columns has-background is-layout-flex wp-container-core-columns-is-layout-7466b548 wp-block-columns-is-layout-flex\" style=\"background-color:#f5f5f5;padding-top:var(--wp--preset--spacing--30);padding-right:var(--wp--preset--spacing--30);padding-bottom:var(--wp--preset--spacing--30);padding-left:var(--wp--preset--spacing--30)\">\n<div class=\"wp-block-column is-layout-flow wp-block-column-is-layout-flow\" style=\"flex-basis:80%\"><div class=\"wp-block-post-excerpt has-small-font-size\"><p class=\"wp-block-post-excerpt__excerpt\">Amandine d&rsquo;Autryve &#8211; Dufour, membre de la commission Conf\u00e9rences<\/p><p class=\"wp-block-post-excerpt__more-text\"><a class=\"wp-block-post-excerpt__more-link\" href=\"https:\/\/www.apel-chartreux.fr\/index.php\/2024\/04\/15\/retour-visuel-de-la-conference-de-stephane-blocquaux\/\">Article complet<\/a><\/p><\/div><\/div>\n\n\n\n<div class=\"wp-block-column is-layout-flow wp-block-column-is-layout-flow\" style=\"flex-basis:150px\"><figure style=\"width:150px;height:150px;\" class=\"alignright wp-block-post-featured-image\"><a href=\"https:\/\/www.apel-chartreux.fr\/index.php\/2024\/04\/15\/retour-visuel-de-la-conference-de-stephane-blocquaux\/\" target=\"_self\"  style=\"height:150px\"><img loading=\"lazy\" decoding=\"async\" width=\"4306\" height=\"3191\" src=\"https:\/\/www.apel-chartreux.fr\/wp-content\/uploads\/2024\/05\/CR-p.2-visuel-crise-identitaire-et-numerique-S.BLOCQUAUX-01.2024-pdf.jpg\" class=\"attachment-post-thumbnail size-post-thumbnail wp-post-image\" alt=\"Retour visuel de la conf\u00e9rence de St\u00e9phane BLOCQUAUX\" style=\"border-top-right-radius:15px;border-bottom-left-radius:15px;border-bottom-right-radius:5px;border-top-left-radius:5px;height:150px;object-fit:cover;\" \/><\/a><\/figure><\/div>\n<\/div>\n\n<\/li><li class=\"wp-block-post post-1212 post type-post status-publish format-standard has-post-thumbnail hentry category-conferences category-information-generale category-les-chartreux-croix-rousse-lycee category-bdi category-soirees-carriere tag-apel tag-croix-rousse tag-evenement tag-institution-des-chartreux\">\n\n<div class=\"wp-block-columns is-layout-flex wp-container-core-columns-is-layout-28f84493 wp-block-columns-is-layout-flex\">\n<div class=\"wp-block-column is-layout-flow wp-block-column-is-layout-flow\">\n<div class=\"wp-block-columns is-layout-flex wp-container-core-columns-is-layout-d7d455e7 wp-block-columns-is-layout-flex\" style=\"padding-top:0;padding-right:0;padding-bottom:0;padding-left:0\">\n<div class=\"wp-block-column is-layout-flow wp-block-column-is-layout-flow\" style=\"flex-basis:90%\"><h3 class=\"wp-block-post-title has-large-font-size\">Retour en images sur la Soir\u00e9e Carri\u00e8res du mardi 28 novembre 2023 organis\u00e9e en collaboration avec l\u2019Institution<\/h3><\/div>\n<\/div>\n<\/div>\n<\/div>\n\n\n<div class=\"wp-block-post-date has-small-font-size\"><time datetime=\"2023-12-03T20:56:57+01:00\">3 d\u00e9cembre 2023<\/time><\/div>\n\n\n<div style=\"height:10px\" aria-hidden=\"true\" class=\"wp-block-spacer\"><\/div>\n\n\n\n<div class=\"wp-block-columns has-background is-layout-flex wp-container-core-columns-is-layout-7466b548 wp-block-columns-is-layout-flex\" style=\"background-color:#f5f5f5;padding-top:var(--wp--preset--spacing--30);padding-right:var(--wp--preset--spacing--30);padding-bottom:var(--wp--preset--spacing--30);padding-left:var(--wp--preset--spacing--30)\">\n<div class=\"wp-block-column is-layout-flow wp-block-column-is-layout-flow\" style=\"flex-basis:80%\"><div class=\"wp-block-post-excerpt has-small-font-size\"><p class=\"wp-block-post-excerpt__excerpt\">Nos \u00e9quipes de l\u2019APEL \u00e9taient pr\u00e9sentes pour co- organiser la soir\u00e9e et accueillir les exposants, les alumni, les parents et les \u00e9l\u00e8ves. Plus de 90 exposants \u00e9taient pr\u00e9sents et deux conf\u00e9rences&nbsp;&nbsp;ont \u00e9t\u00e9 propos\u00e9es (Sciences Po et classes pr\u00e9paratoires)! L\u2019APEL Orientation-BDI \u00e9tait pr\u00e9sente en salle Hyvrier pour conseiller et orienter les \u00e9l\u00e8ves d\u00e8s la classe de<\/p><p class=\"wp-block-post-excerpt__more-text\"><a class=\"wp-block-post-excerpt__more-link\" href=\"https:\/\/www.apel-chartreux.fr\/index.php\/2023\/12\/03\/retour-en-images-sur-la-soiree-carrieres-du-mardi-28-novembre-2023-organisee-en-collaboration-avec-linstitution\/\">Article complet<\/a><\/p><\/div><\/div>\n\n\n\n<div class=\"wp-block-column is-layout-flow wp-block-column-is-layout-flow\" style=\"flex-basis:150px\"><figure style=\"width:150px;height:150px;\" class=\"alignright wp-block-post-featured-image\"><a href=\"https:\/\/www.apel-chartreux.fr\/index.php\/2023\/12\/03\/retour-en-images-sur-la-soiree-carrieres-du-mardi-28-novembre-2023-organisee-en-collaboration-avec-linstitution\/\" target=\"_self\"  style=\"height:150px\"><img loading=\"lazy\" decoding=\"async\" width=\"1920\" height=\"2560\" src=\"https:\/\/www.apel-chartreux.fr\/wp-content\/uploads\/2023\/12\/IMG_2330-scaled.jpg\" class=\"attachment-post-thumbnail size-post-thumbnail wp-post-image\" alt=\"Retour en images sur la Soir\u00e9e Carri\u00e8res du mardi 28 novembre 2023 organis\u00e9e en collaboration avec l\u2019Institution\" style=\"border-top-right-radius:15px;border-bottom-left-radius:15px;border-bottom-right-radius:5px;border-top-left-radius:5px;height:150px;object-fit:cover;\" srcset=\"https:\/\/www.apel-chartreux.fr\/wp-content\/uploads\/2023\/12\/IMG_2330-scaled.jpg 1920w, https:\/\/www.apel-chartreux.fr\/wp-content\/uploads\/2023\/12\/IMG_2330-375x500.jpg 375w, https:\/\/www.apel-chartreux.fr\/wp-content\/uploads\/2023\/12\/IMG_2330-750x1000.jpg 750w, https:\/\/www.apel-chartreux.fr\/wp-content\/uploads\/2023\/12\/IMG_2330-768x1024.jpg 768w, https:\/\/www.apel-chartreux.fr\/wp-content\/uploads\/2023\/12\/IMG_2330-1152x1536.jpg 1152w, https:\/\/www.apel-chartreux.fr\/wp-content\/uploads\/2023\/12\/IMG_2330-1536x2048.jpg 1536w\" sizes=\"auto, (max-width: 1920px) 100vw, 1920px\" \/><\/a><\/figure><\/div>\n<\/div>\n\n<\/li><li class=\"wp-block-post post-1154 post type-post status-publish format-standard has-post-thumbnail hentry category-conferences tag-conference tag-croix-rousse tag-evenement tag-institution-des-chartreux\">\n\n<div class=\"wp-block-columns is-layout-flex wp-container-core-columns-is-layout-28f84493 wp-block-columns-is-layout-flex\">\n<div class=\"wp-block-column is-layout-flow wp-block-column-is-layout-flow\">\n<div class=\"wp-block-columns is-layout-flex wp-container-core-columns-is-layout-d7d455e7 wp-block-columns-is-layout-flex\" style=\"padding-top:0;padding-right:0;padding-bottom:0;padding-left:0\">\n<div class=\"wp-block-column is-layout-flow wp-block-column-is-layout-flow\" style=\"flex-basis:90%\"><h3 class=\"wp-block-post-title has-large-font-size\">Les jeunes face \u00e0 internet et aux mondes virtuels. Quel impact identitaire\u00a0?<\/h3><\/div>\n<\/div>\n<\/div>\n<\/div>\n\n\n<div class=\"wp-block-post-date has-small-font-size\"><time datetime=\"2023-10-15T11:39:22+02:00\">15 octobre 2023<\/time><\/div>\n\n\n<div style=\"height:10px\" aria-hidden=\"true\" class=\"wp-block-spacer\"><\/div>\n\n\n\n<div class=\"wp-block-columns has-background is-layout-flex wp-container-core-columns-is-layout-7466b548 wp-block-columns-is-layout-flex\" style=\"background-color:#f5f5f5;padding-top:var(--wp--preset--spacing--30);padding-right:var(--wp--preset--spacing--30);padding-bottom:var(--wp--preset--spacing--30);padding-left:var(--wp--preset--spacing--30)\">\n<div class=\"wp-block-column is-layout-flow wp-block-column-is-layout-flow\" style=\"flex-basis:80%\"><div class=\"wp-block-post-excerpt has-small-font-size\"><p class=\"wp-block-post-excerpt__excerpt\">Par St\u00e9phane BLOCQUAUX, Docteur en Sciences de l\u2019information et de la CommunicationEnseignant-Chercheur \u00e0 l\u2019Universit\u00e9 Catholique d\u2019Angers et Conf\u00e9rencier L&rsquo;APEL et l\u2019Institution des Chartreux invitent les parents d&rsquo;\u00e9l\u00e8ves et de communaut\u00e9 \u00e9ducative des Chartreux \u00e0 participer \u00e0 la conf\u00e9rence \u00ab\u00a0Les jeunes face \u00e0 internet et aux mondes virtuels. Quel impact identitaire&nbsp;?\u00a0\u00bb de St\u00e9phane Blocquaux, le mardi<\/p><p class=\"wp-block-post-excerpt__more-text\"><a class=\"wp-block-post-excerpt__more-link\" href=\"https:\/\/www.apel-chartreux.fr\/index.php\/2023\/10\/15\/les-jeunes-face-a-internet-et-aux-mondes-virtuels-quel-impact-identitaire\/\">Article complet<\/a><\/p><\/div><\/div>\n\n\n\n<div class=\"wp-block-column is-layout-flow wp-block-column-is-layout-flow\" style=\"flex-basis:150px\"><figure style=\"width:150px;height:150px;\" class=\"alignright wp-block-post-featured-image\"><a href=\"https:\/\/www.apel-chartreux.fr\/index.php\/2023\/10\/15\/les-jeunes-face-a-internet-et-aux-mondes-virtuels-quel-impact-identitaire\/\" target=\"_self\"  style=\"height:150px\"><img loading=\"lazy\" decoding=\"async\" width=\"1280\" height=\"947\" src=\"https:\/\/www.apel-chartreux.fr\/wp-content\/uploads\/2023\/10\/160064361_3721541554633412_7408922049565771114_n.jpg\" class=\"attachment-post-thumbnail size-post-thumbnail wp-post-image\" alt=\"Les jeunes face \u00e0 internet et aux mondes virtuels. Quel impact identitaire\u00a0?\" style=\"border-top-right-radius:15px;border-bottom-left-radius:15px;border-bottom-right-radius:5px;border-top-left-radius:5px;height:150px;object-fit:cover;\" srcset=\"https:\/\/www.apel-chartreux.fr\/wp-content\/uploads\/2023\/10\/160064361_3721541554633412_7408922049565771114_n.jpg 1280w, https:\/\/www.apel-chartreux.fr\/wp-content\/uploads\/2023\/10\/160064361_3721541554633412_7408922049565771114_n-500x370.jpg 500w, https:\/\/www.apel-chartreux.fr\/wp-content\/uploads\/2023\/10\/160064361_3721541554633412_7408922049565771114_n-1000x740.jpg 1000w, https:\/\/www.apel-chartreux.fr\/wp-content\/uploads\/2023\/10\/160064361_3721541554633412_7408922049565771114_n-768x568.jpg 768w\" sizes=\"auto, (max-width: 1280px) 100vw, 1280px\" \/><\/a><\/figure><\/div>\n<\/div>\n\n<\/li><\/ul><\/div>\n\n\n<nav class=\"wp-block-query-pagination is-layout-flex wp-block-query-pagination-is-layout-flex\" aria-label=\"Pagination\">\n\n\n<div class=\"wp-block-query-pagination-numbers\"><span aria-current=\"page\" class=\"page-numbers current\">1<\/span>\n<a class=\"page-numbers\" href=\"?query-0-page=2\">2<\/a>\n<a class=\"page-numbers\" href=\"?query-0-page=3\">3<\/a>\n<a class=\"page-numbers\" href=\"?query-0-page=4\">4<\/a><\/div>\n\n<a href=\"\/index.php\/wp-json\/wp\/v2\/pages\/254?query-0-page=2\" class=\"wp-block-query-pagination-next\">Page suivante<\/a>\n<\/nav>\n\n<\/div>\n\n\n\n<h3 class=\"wp-block-heading\" id=\"soir\u00e9es-carri\u00e8res\">Soir\u00e9es carri\u00e8re<\/h3>\n\n\n\n<div class=\"wp-block-query is-layout-flow wp-block-query-is-layout-flow\">\n\n<ul class=\"wp-block-post-template is-layout-flow wp-block-post-template-is-layout-flow\"><li class=\"wp-block-post post-1212 post type-post status-publish format-standard has-post-thumbnail hentry category-conferences category-information-generale category-les-chartreux-croix-rousse-lycee category-bdi category-soirees-carriere tag-apel tag-croix-rousse tag-evenement tag-institution-des-chartreux\">\n<h3 class=\"wp-block-post-title has-large-font-size\">Retour en images sur la Soir\u00e9e Carri\u00e8res du mardi 28 novembre 2023 organis\u00e9e en collaboration avec l\u2019Institution<\/h3>\n\n<div class=\"wp-block-post-date has-small-font-size\"><time datetime=\"2023-12-03T20:56:57+01:00\">3 d\u00e9cembre 2023<\/time><\/div>\n\n<div class=\"wp-block-post-excerpt has-small-font-size\"><p class=\"wp-block-post-excerpt__excerpt\">Nos \u00e9quipes de l\u2019APEL \u00e9taient pr\u00e9sentes pour co- organiser la soir\u00e9e et accueillir les exposants, les alumni, les parents et les \u00e9l\u00e8ves. Plus de 90 exposants \u00e9taient pr\u00e9sents et deux conf\u00e9rences&nbsp;&nbsp;ont \u00e9t\u00e9 propos\u00e9es (Sciences Po et classes pr\u00e9paratoires)! L\u2019APEL Orientation-BDI \u00e9tait pr\u00e9sente en salle Hyvrier pour conseiller et orienter les \u00e9l\u00e8ves d\u00e8s la classe de<\/p><p class=\"wp-block-post-excerpt__more-text\"><a class=\"wp-block-post-excerpt__more-link\" href=\"https:\/\/www.apel-chartreux.fr\/index.php\/2023\/12\/03\/retour-en-images-sur-la-soiree-carrieres-du-mardi-28-novembre-2023-organisee-en-collaboration-avec-linstitution\/\">Article complet<\/a><\/p><\/div>\n<\/li><li class=\"wp-block-post post-400 post type-post status-publish format-standard has-post-thumbnail hentry category-soirees-carriere\">\n<h3 class=\"wp-block-post-title has-large-font-size\">Soir\u00e9e Carri\u00e8res du 24 novembre 2022<\/h3>\n\n<div class=\"wp-block-post-date has-small-font-size\"><time datetime=\"2022-11-25T10:40:00+01:00\">25 novembre 2022<\/time><\/div>\n\n<div class=\"wp-block-post-excerpt has-small-font-size\"><p class=\"wp-block-post-excerpt__excerpt\">L\u2019APEL des Chartreux vous remercie d\u2019avoir \u00e9t\u00e9 aussi nombreux \u00e0 participer \u00e0 la Soir\u00e9e Carri\u00e8res de l\u2019Institution jeudi 24 novembre.<\/p><p class=\"wp-block-post-excerpt__more-text\"><a class=\"wp-block-post-excerpt__more-link\" href=\"https:\/\/www.apel-chartreux.fr\/index.php\/2022\/11\/25\/soiree-carrieres-du-24-novembre-2022\/\">Article complet<\/a><\/p><\/div>\n<\/li><\/ul>\n\n<\/div>\n\n\n\n<div style=\"height:50px\" aria-hidden=\"true\" class=\"wp-block-spacer\"><\/div>\n","protected":false},"excerpt":{"rendered":"<p>Commission Accueil Cette commission organise la r\u00e9ception et l\u2019accueil des parents. Elle met en place les temps de convivialit\u00e9 entre parents lors des Journ\u00e9es Portes Ouvertes, des rencontres parents\/professeurs, ou de l\u2019accueil des nouveaux parents. Elle favorise \u00e9galement les \u00e9changes entre les parents lors de ces manifestations. Commission Conf\u00e9rences Cette commission recherche des intervenants pour [&hellip;]<\/p>\n","protected":false},"author":1,"featured_media":723,"parent":0,"menu_order":0,"comment_status":"closed","ping_status":"closed","template":"","meta":{"footnotes":""},"class_list":["post-254","page","type-page","status-publish","has-post-thumbnail","hentry"],"_links":{"self":[{"href":"https:\/\/www.apel-chartreux.fr\/index.php\/wp-json\/wp\/v2\/pages\/254","targetHints":{"allow":["GET"]}}],"collection":[{"href":"https:\/\/www.apel-chartreux.fr\/index.php\/wp-json\/wp\/v2\/pages"}],"about":[{"href":"https:\/\/www.apel-chartreux.fr\/index.php\/wp-json\/wp\/v2\/types\/page"}],"author":[{"embeddable":true,"href":"https:\/\/www.apel-chartreux.fr\/index.php\/wp-json\/wp\/v2\/users\/1"}],"replies":[{"embeddable":true,"href":"https:\/\/www.apel-chartreux.fr\/index.php\/wp-json\/wp\/v2\/comments?post=254"}],"version-history":[{"count":31,"href":"https:\/\/www.apel-chartreux.fr\/index.php\/wp-json\/wp\/v2\/pages\/254\/revisions"}],"predecessor-version":[{"id":830,"href":"https:\/\/www.apel-chartreux.fr\/index.php\/wp-json\/wp\/v2\/pages\/254\/revisions\/830"}],"wp:featuredmedia":[{"embeddable":true,"href":"https:\/\/www.apel-chartreux.fr\/index.php\/wp-json\/wp\/v2\/media\/723"}],"wp:attachment":[{"href":"https:\/\/www.apel-chartreux.fr\/index.php\/wp-json\/wp\/v2\/media?parent=254"}],"curies":[{"name":"wp","href":"https:\/\/api.w.org\/{rel}","templated":true}]}}