{"id":257,"date":"2022-12-06T11:09:19","date_gmt":"2022-12-06T10:09:19","guid":{"rendered":"http:\/\/yktwnju.cluster031.hosting.ovh.net\/?page_id=257"},"modified":"2023-03-28T21:37:14","modified_gmt":"2023-03-28T19:37:14","slug":"restauration","status":"publish","type":"page","link":"https:\/\/www.apel-chartreux.fr\/index.php\/restauration\/","title":{"rendered":"Commission restauration"},"content":{"rendered":"\n<h2 class=\"wp-block-heading\">Les informations de la commission<\/h2>\n\n\n\n<div class=\"wp-block-query is-layout-flow wp-block-query-is-layout-flow\"><ul class=\"wp-block-post-template is-layout-flow wp-block-post-template-is-layout-flow\"><li class=\"wp-block-post post-1363 post type-post status-publish format-standard has-post-thumbnail hentry category-les-chartreux-saint-charles-toutes-les-ecoles category-restauration tag-restauration tag-saint-charles\">\n<h3 style=\"margin-top:0;margin-right:0;margin-bottom:0;margin-left:0;\" class=\"wp-block-post-title has-large-font-size\">Commission restauration du 08 avril 2024 \u00e0 Saint Charles<\/h3>\n\n<div class=\"wp-block-post-date has-small-font-size\"><time datetime=\"2025-04-17T15:45:00+02:00\">17 avril 2025<\/time><\/div>\n\n<div class=\"wp-block-post-excerpt has-small-font-size\"><p class=\"wp-block-post-excerpt__excerpt\">Points positifs Points \u00e0 am\u00e9liorer Remarques du personnel de restauration Le projet de r\u00e9novation de toute la cantine Une \u00e9tude de phasage et une validation budg\u00e9taire sont en cours pour refaire enti\u00e8rement le r\u00e9fectoire et la plonge\/production afin d&rsquo;augmenter la capacit\u00e9 de cuisson et le stockage avec chambre froide :<\/p><p class=\"wp-block-post-excerpt__more-text\"><a class=\"wp-block-post-excerpt__more-link\" href=\"https:\/\/www.apel-chartreux.fr\/index.php\/2025\/04\/17\/commission-restauration-du-08-avril-2024-a-saint-charles\/\">Article complet<\/a><\/p><\/div>\n<\/li><li class=\"wp-block-post post-1351 post type-post status-publish format-standard has-post-thumbnail hentry category-restauration tag-commission-restauration tag-restauration\">\n<h3 style=\"margin-top:0;margin-right:0;margin-bottom:0;margin-left:0;\" class=\"wp-block-post-title has-large-font-size\">Synth\u00e8se des travaux de la Commission restauration de l&rsquo;APEL des Chartreux depuis la rentr\u00e9e<\/h3>\n\n<div class=\"wp-block-post-date has-small-font-size\"><time datetime=\"2025-01-23T16:16:11+01:00\">23 janvier 2025<\/time><\/div>\n\n<div class=\"wp-block-post-excerpt has-small-font-size\"><p class=\"wp-block-post-excerpt__excerpt\">La Commission restauration suit plusieurs actions au cours de l&rsquo;ann\u00e9e au sein des Chartreux : Chaque trimestre, la Direction de la restauration organise une r\u00e9union d&rsquo;\u00e9changes avec des repr\u00e9sentants des \u00e9l\u00e8ves de chaque niveau, de l&rsquo;internat et ce sur les diff\u00e9rents sites.Le repr\u00e9sentant restauration de l&rsquo;APEL y participe et fait remonter les informations obtenues des<\/p><p class=\"wp-block-post-excerpt__more-text\"><a class=\"wp-block-post-excerpt__more-link\" href=\"https:\/\/www.apel-chartreux.fr\/index.php\/2025\/01\/23\/synthese-des-travaux-de-la-commission-restauration-de-lapel-des-chartreux-depuis-la-rentree\/\">Article complet<\/a><\/p><\/div>\n<\/li><li class=\"wp-block-post post-1233 post type-post status-publish format-standard hentry category-les-chartreux-croix-rousse-toutes-les-ecoles category-restauration\">\n<h3 style=\"margin-top:0;margin-right:0;margin-bottom:0;margin-left:0;\" class=\"wp-block-post-title has-large-font-size\">Commission restauration du 12 Mars 2024 \u00e0 Croix Rousse<\/h3>\n\n<div class=\"wp-block-post-date has-small-font-size\"><time datetime=\"2024-03-29T21:01:00+01:00\">29 mars 2024<\/time><\/div>\n\n<div class=\"wp-block-post-excerpt has-small-font-size\"><p class=\"wp-block-post-excerpt__excerpt\">La Commission restauration s&rsquo;est tenue comme chaque semestre, le 12 mars dernier. Les \u00e9l\u00e8ves du coll\u00e8ge et du lyc\u00e9e \u00e9taient pr\u00e9sents ou repr\u00e9sent\u00e9s, \u00e0 l&rsquo;exception des terminales. Points positifs Points n\u00e9gatifs Monsieur PIQUEREY, membre de la Direction de la restauration, a conclu en rappelant que si des sujets paraissaient urgents, il ne fallait pas que<\/p><p class=\"wp-block-post-excerpt__more-text\"><a class=\"wp-block-post-excerpt__more-link\" href=\"https:\/\/www.apel-chartreux.fr\/index.php\/2024\/03\/29\/commission-restauration-du-12-mars-2024-a-croix-rousse\/\">Article complet<\/a><\/p><\/div>\n<\/li><\/ul>\n\n<nav class=\"wp-block-query-pagination is-layout-flex wp-block-query-pagination-is-layout-flex\" aria-label=\"Pagination\">\n\n\n<div class=\"wp-block-query-pagination-numbers\"><span aria-current=\"page\" class=\"page-numbers current\">1<\/span>\n<a class=\"page-numbers\" href=\"?query-20-page=2\">2<\/a>\n<a class=\"page-numbers\" href=\"?query-20-page=3\">3<\/a>\n<span class=\"page-numbers dots\">\u2026<\/span>\n<a class=\"page-numbers\" href=\"?query-20-page=5\">5<\/a><\/div>\n\n<a href=\"\/index.php\/wp-json\/wp\/v2\/pages\/257?query-20-page=2\" class=\"wp-block-query-pagination-next\">Page suivante<\/a>\n<\/nav>\n\n<\/div>\n\n\n\n<div style=\"height:100px\" aria-hidden=\"true\" class=\"wp-block-spacer\"><\/div>\n","protected":false},"excerpt":{"rendered":"<p>Les informations de la commission<\/p>\n","protected":false},"author":1,"featured_media":703,"parent":0,"menu_order":0,"comment_status":"closed","ping_status":"closed","template":"","meta":{"footnotes":""},"class_list":["post-257","page","type-page","status-publish","has-post-thumbnail","hentry"],"_links":{"self":[{"href":"https:\/\/www.apel-chartreux.fr\/index.php\/wp-json\/wp\/v2\/pages\/257","targetHints":{"allow":["GET"]}}],"collection":[{"href":"https:\/\/www.apel-chartreux.fr\/index.php\/wp-json\/wp\/v2\/pages"}],"about":[{"href":"https:\/\/www.apel-chartreux.fr\/index.php\/wp-json\/wp\/v2\/types\/page"}],"author":[{"embeddable":true,"href":"https:\/\/www.apel-chartreux.fr\/index.php\/wp-json\/wp\/v2\/users\/1"}],"replies":[{"embeddable":true,"href":"https:\/\/www.apel-chartreux.fr\/index.php\/wp-json\/wp\/v2\/comments?post=257"}],"version-history":[{"count":5,"href":"https:\/\/www.apel-chartreux.fr\/index.php\/wp-json\/wp\/v2\/pages\/257\/revisions"}],"predecessor-version":[{"id":705,"href":"https:\/\/www.apel-chartreux.fr\/index.php\/wp-json\/wp\/v2\/pages\/257\/revisions\/705"}],"wp:featuredmedia":[{"embeddable":true,"href":"https:\/\/www.apel-chartreux.fr\/index.php\/wp-json\/wp\/v2\/media\/703"}],"wp:attachment":[{"href":"https:\/\/www.apel-chartreux.fr\/index.php\/wp-json\/wp\/v2\/media?parent=257"}],"curies":[{"name":"wp","href":"https:\/\/api.w.org\/{rel}","templated":true}]}}